1291. Suppose 4*i = u + 4*u - 27, 4*i = u + 1. Calculate the remainder when t(12) is divided by u.
3
Calculate the remainder when (-4)/(-2)*9*(-4862)/(-234) is divided by 63.
59
Let d(w) = -95*w + 7292. What is the remainder when 1359 is divided by d(76)?
63
Suppose c = 3*c - 218. Let a(b) = -4*b**2 - 7*b + 64. Let o be a(11). Let y = o - -513. What is the remainder when c is divided by y?
13
Suppose t - 4*k + 360 = -6*k, 2*t + k = -717. Let p = -174 - t. Calculate the remainder when p is divided by 27.
22
Let n = -287 + 294. Let x(i) = 25*i**2 - i - 1. What is the remainder when x(-1) is divided by 0*n/(-14) + 8?
1
Let p = -4092 - -4110. Suppose 5*v = -5*n + 1050, 8*n = 3*n + 4*v + 1095. Let b = 338 - n. Calculate the remainder when b is divided by p.
15
Let w(m) = 3*m**2 - m - 1 + 2*m**2 - 2*m**3 - 2*m**2. Suppose 8*p = -77 + 213. What is the remainder when w(-3) is divided by p?
15
Suppose -4*j - 4*v + 8 = 0, -5*v + 12 + 0 = 4*j. Let z(b) = 4*b**2 - 7*b - 13. Calculate the remainder when 67 is divided by z(j).
16
Let v(i) = 33 + 3*i**2 - 261*i + 256*i - 2*i**2. Calculate the remainder when v(12) is divided by 59.
58
Let r(u) = u**2 - 11*u - 3. Let n be r(11). Calculate the remainder when 120 + n + 3 - -3 is divided by (-64)/(-3)*39*(-25)/(-650).
27
Suppose -246*l + 233 = -245*l + 3*w, -967 = -4*l - 5*w. Calculate the remainder when l is divided by 101.
46
Let t = 108 + -83. Suppose 4*a = -4*k + 468, -4*k + 228 = -5*a + 858. Calculate the remainder when a is divided by t.
22
Let c = 989 - 635. Let t = -250 + c. What is the remainder when t is divided by 18?
14
Let z(r) = r**2 + 14*r + 54. Let o be z(-6). Let j = 31 + o. Calculate the remainder when j is divided by 8.
5
Let i = -23 + 12. Suppose -5*m = 3*f + 6, -4*m + 5*m = 2*f - 9. Let d = f - i. Calculate the remainder when 55 is divided by d.
13
Let f = 73 + 52. Calculate the remainder when f is divided by 72.
53
Let f(l) = -l**3 + l**2 - 5*l + 192. Let h be 0/((9 - 5) + -7). What is the remainder when f(h) is divided by 14?
10
Let r = -61 + 73. Suppose -4*o + 4 + r = h, 3*o = 5*h - 126. Suppose n = -0*n + h. Calculate the remainder when 46 is divided by n.
22
Let a = 551 - 505. What is the remainder when a is divided by (-122)/(-8) - (-3)/(-12)?
1
Let h(z) = -2*z + 5. Let j be h(1). Let a be 7/(-56) + (j - (-117)/(-24)). What is the remainder when 50 is divided by (-1 - a - 23 - -3)*-1?
12
Let c(a) = a**2 - 10*a - 8. Let x be c(12). Suppose x*u - 4596 = 4*u. Calculate the remainder when u is divided by 35.
33
Suppose 59*b = -17*b + 5751 + 2229. Calculate the remainder when 191 is divided by b.
86
Let b = -4600 + 4658. Calculate the remainder when 782 is divided by b.
28
Suppose -9*g + 160 = 205. Let z(x) = -2*x**3 + 3*x**2 - x + 7. Calculate the remainder when z(g) is divided by 19.
14
Suppose d - 25 = -4*d. Let f(h) = 27 + 62*h - 157*h + h**3 - 29*h**2 + 33*h. Calculate the remainder when f(31) is divided by d.
2
Let j = 18791 - 18156. Calculate the remainder when j is divided by 44.
19
Let d = 2788 - 695. Calculate the remainder when d is divided by 175.
168
Let a = 4794 + -4789. What is the remainder when 133 is divided by a?
3
Let v(h) = -h**2 + 5*h. Let w be v(4). Suppose 4*x + w = -0*x. Let o(j) = 7*j**2 + 2*j + 1. Calculate the remainder when o(x) is divided by 6.
0
Let g(i) = -83*i + 9290. What is the remainder when g(87) is divided by 48?
5
Let u = 45617 - 45611. Calculate the remainder when 2945 is divided by u.
5
Let s be 72/8 - (7 + -1). Suppose -42 = -s*h - 3*g, -5*g = -h + 3*h - 34. Calculate the remainder when 65 is divided by h.
5
Let q(j) = -49*j**2 + 256 - 49*j**2 + 6*j - 16*j + 99*j**2 - 24*j. Calculate the remainder when q(28) is divided by 58.
30
Let s(z) = -4*z + 1. Let d be s(1). Let r(o) = -14*o + 3. Calculate the remainder when 173 is divided by r(d).
38
Suppose 0 = 5*t + 2*j - 486, t + 4*j + 65 = 173. What is the remainder when 360 is divided by t?
72
Let y(p) = p**3 + p**2 - 52*p + 166. Calculate the remainder when 3649 is divided by y(0).
163
Let d be 315/245 - ((-12)/7 + (-4)/(-2)). Suppose 0 = 5*v - 20 - 15. Let i = d + v. What is the remainder when 23 is divided by i?
7
Suppose -3*w = -15, 2*r = 5*r + w - 1073. Suppose -3*s = s - r. What is the remainder when s is divided by (10/(-12))/(26/(-468))?
14
Let w(x) = x**2 - 3*x - 5. Suppose 3*l - 36 = 5*l. Calculate the remainder when w(6) is divided by (-3 - 96/l)*3.
6
Suppose -9*r = -5*r - 72. Suppose -3*f = 2*p - r, 0 = -p - 0*p + 3. Suppose 0*n + 148 = f*n. What is the remainder when n is divided by 21?
16
Let c be 5/(-2) + -6*(-1)/4. Let b be 1*(c*1/(-1) + 1). Suppose 0*o - b*j + 25 = o, -2*j - 137 = -5*o. What is the remainder when o is divided by 10?
7
Let w = 816 - 498. Suppose 326*g - w*g - 504 = 0. Calculate the remainder when g is divided by 16.
15
Let l = -834 + 880. Suppose -6 = q - 4*r - 23, 2 = 2*r. Calculate the remainder when l is divided by q.
4
Let r = 1153 + -1127. Let q = -38 + 87. What is the remainder when q is divided by r?
23
Suppose 13*i + 24 = 9*i. Let o be 5/2 - (3 + 15/i). Suppose -5*u + 42 = k, 4*u + o*k - k = 34. Calculate the remainder when 22 is divided by u.
6
Let s(p) = 13*p + 55. Let m be s(-4). Let r = 199 - 43. Suppose -m*o - 33 = -5*n + 326, 2*n + 5*o - r = 0. What is the remainder when n is divided by 38?
35
Let l be -2 + 4 + -3 + 1. Suppose l = -f - 21 + 96. Suppose -27*d = -24*d - f. What is the remainder when 97 is divided by d?
22
Let u be (-3417)/13 + (-6)/39. Suppose -127 = -3*c - 41*c + 665. Calculate the remainder when (-6)/9 - u/3 is divided by c.
15
Let s be ((-24)/3 - (3 - 1))*-2. Calculate the remainder when 2 + ((-30)/s - 242/(-4)) is divided by 16.
13
Let k = 8248 - 8242. Calculate the remainder when 5368 is divided by k.
4
Suppose 2886 = 3*d + 3*y, -25*d + 24*d = -3*y - 954. Calculate the remainder when d is divided by 480.
0
Suppose -487 = 8*j - 39. What is the remainder when j/(-35)*1*5 is divided by 3?
2
Let b(l) = 91*l**2 - 2. Let g = 516 - 517. Calculate the remainder when b(g) is divided by (46*1)/(6/3).
20
Let p(m) = 1756*m - 8531. Calculate the remainder when p(5) is divided by 23.
19
Let h(l) = 3*l - 27. Let x be h(8). Calculate the remainder when (-3)/((-9)/489) - x is divided by 14.
12
Let g = -11 + 26. Let c be (2/(-6))/((-2)/(-24)*-4). Calculate the remainder when g is divided by c/((-1)/32*-4).
7
Let s(g) = 11*g**2 - 24*g - 53. Calculate the remainder when 54 is divided by s(-2).
15
Let w(h) = -h**3 + 83*h**2 - h + 125. Calculate the remainder when 1762 is divided by w(83).
40
Suppose -2*k = -2*a + 44, 125 = 5*a + 513*k - 515*k. Calculate the remainder when 6640 is divided by a.
25
Suppose 4*q + 16*c - 24 = 20*c, 5*c = -3*q + 42. What is the remainder when 2913 is divided by q?
6
Suppose 3*l - 44 = -5*u, 0 = u - 3*u + 5*l - 1. Calculate the remainder when (220/(-25) + 8)*7375/(-50) is divided by (-2)/(-7) + 166/u.
22
Suppose 4*p - 53 = -5*d, -32 = 116*p - 117*p + 5*d. Let c = -1 + 6. Calculate the remainder when p is divided by c.
2
Let s(v) = -v**2 + 14*v + 893. What is the remainder when s(35) is divided by 50?
8
Suppose -10*i - 243 = -13*i. Suppose 0 = 2*f + 3*z - i, -2*f + 7*z + 51 = 4*z. What is the remainder when 193 is divided by f?
28
Let d(q) = q**2 - 9*q + 74. Let l(g) = 4*g + 76. Let j be l(-15). What is the remainder when d(j) is divided by 32?
26
Suppose -4*v - 30 = 5*x, 2*x - 5*v + 10 = -35. What is the remainder when x/4*48/(-40) - -9 is divided by 2?
0
Let k = 4 + -12. Let m be ((-28)/k)/(1 + 6/(-8)). Suppose -m*l + 18*l - 24 = 0. Calculate the remainder when 20 is divided by l.
2
Let h(x) = 23*x + 1606. Calculate the remainder when h(-17) is divided by 82.
67
Suppose -95 = -2*k - 151 + 98. What is the remainder when 356 is divided by k?
20
Let h(v) = -88*v - 105*v + 25 + 170*v. Calculate the remainder when h(0) is divided by 17.
8
Let y = -12 + 64. Let v(g) = -415*g**3 + 3*g**2 - 2391*g - 2394. Calculate the remainder when v(-1) is divided by y.
51
Let k(j) = -j**3 - 23*j**2 + 49*j - 24. Let d be k(-25). Let b(p) = 5 + 10*p**2 + 2*p + 8*p**2 - 7. What is the remainder when 71 is divided by b(d)?
17
Suppose 83*y - 36*y = 22*y + 17600. What is the remainder when y is divided by 92?
60
Let m(k) = -2*k**3 + 14*k**2 + 3. Let x b